mon divisor of 62 and a.
62
Suppose 9*r + 1855 = 10684. Let y = -693 + r. Calculate the greatest common divisor of y and 36.
36
Suppose -6*y + 920 = 272. Let i(w) = -w + 7. Let b = -4 - 1. Let q be i(b). What is the highest common factor of y and q?
12
Let y(m) = -2*m**2 + 3*m + 10. Let c be y(-5). Let t = 65 + c. Calculate the greatest common factor of t and 8.
2
Let p(l) = 4*l**2 - 10*l - 5. Let d be p(4). Let n = d - -20. What is the greatest common divisor of n and 13?
13
Suppose 20 = 5*o, -2*h - 3*o + 2*o + 8 = 0. Let k(v) = -64*v - 8*v - h + 2. Let a be k(-3). What is the highest common divisor of 27 and a?
27
Let h(w) = 43*w - 93*w - 11 + 46*w. Let c be h(-14). Calculate the greatest common divisor of 9 and c.
9
Suppose -4*n + 3*c + 184 = -2*n, 3*n + 4*c = 310. Suppose 4*v = -3*o + 163, -3*v + 2*o + 20 + n = 0. What is the highest common divisor of 60 and v?
20
Suppose 0*k + 4*k = 3*b + 1860, -3*k + 4*b + 1388 = 0. Calculate the highest common factor of k and 60.
12
Suppose 0 = -4*o + 20, -3*p + 374 = -13*o + 8*o. What is the greatest common factor of p and 7?
7
Suppose 22*p - 9745 = 8427. What is the highest common factor of p and 118?
118
Let d be 0 - 8/28 - (-72)/7. Let y be 15/d*10 - -2*1. What is the highest common divisor of y and 17?
17
Let k = -7 - -10. Suppose 16 = 5*i + f, -k*i + 8 = -i + 2*f. Suppose i*o = -4*v + 3*v + 54, -4*o - 5*v = -83. Calculate the highest common divisor of o and 153.
17
Let h(i) = 70*i + 583. Let a be h(0). What is the highest common divisor of a and 53?
53
Let h(j) be the second derivative of -j**3/3 + 35*j**2/2 - 17*j. Let y be h(12). Calculate the highest common factor of y and 187.
11
Let x = 170 + 14. Let b = -89 + x. Suppose 20 = -12*z + 248. Calculate the greatest common factor of z and b.
19
Let b = 736 + -701. Calculate the highest common divisor of b and 665.
35
Let s be (123 - 6) + (-4 - -1). Suppose -s - 206 = -4*i. Let x = -23 + 33. Calculate the greatest common factor of x and i.
10
Let q(t) = -4*t + 18. Let m be q(8). Let b = m - -29. What is the greatest common factor of b and 135?
15
Let q(a) = -a**3 + 2*a**2 + 6*a - 5. Let w be q(3). Suppose -b + 0*b = w*x - 35, b - 3 = 0. What is the highest common divisor of x and 4?
4
Let c = -55 + -11. Let o = -46 - c. Calculate the highest common factor of 40 and o.
20
Let k be (-1 + 0)/((-332)/(-334) + -1). Suppose -9*a + 130 + k = 0. Calculate the greatest common factor of 11 and a.
11
Let s be ((-12)/16*-1)/(2/24). Let w(z) = -81*z. Let j be w(-1). What is the highest common factor of s and j?
9
Let g be 2 + 3 + ((-13336)/(-8) - 8). Calculate the greatest common factor of 26 and g.
26
Suppose x + 6 = s - x, -3*x - 37 = -5*s. Suppose 9 = w - s. Calculate the highest common factor of 153 and w.
17
Suppose 4*j + 8 = 3*j. Let w be ((-12)/j)/((-4)/(-8)). What is the highest common factor of w and 27?
3
Suppose -19*w + 2*x = -18*w - 49, -254 = -5*w + x. Calculate the highest common factor of 24 and w.
3
Let h be 965/(-30) - 2/(-12). Let f be (-24)/h + (-34)/(-8). Calculate the greatest common divisor of 15 and f.
5
Let o be 17/153 - 8096/(-36). What is the greatest common factor of o and 9?
9
Suppose 54 = 21*h - 19*h. Let b(q) = -q. Let f be b(-2). Let i be f/4 + 51/6. What is the greatest common divisor of h and i?
9
Let w = 72 + 63. Suppose -4 = -2*s - 4*n + 188, 0 = s - 2*n - 84. What is the greatest common divisor of w and s?
45
Let d = 10 - -17. Let a(n) = n**3 + 14*n**2 + 23*n - 17. Let l be a(-12). Let g be 10/l - -16*(-14)/(-4). Calculate the highest common divisor of d and g.
27
Let t(z) = z**2 + 5*z + 1. Let w be 1*(-8 + 4 + 4). Let u(k) = k**2 - 7. Let y be u(w). Let h be t(y). Calculate the greatest common factor of h and 45.
15
Let c(a) = -2*a**2 + 93*a + 7. Let b be c(45). Calculate the greatest common divisor of b and 4.
2
Suppose 0 = -i + 3*i - 4*n + 40, -3*n - 58 = 4*i. Let o be i/(-3 - (-68)/24). Calculate the greatest common factor of o and 6.
6
Let q = -12714 + 12722. Suppose 0 = 2*p - 6*p + 32. Let f be 3/(-12) - (-66)/p. What is the greatest common divisor of q and f?
8
Let n be (-10 - -9)/((-1)/(-206)*-2). Calculate the greatest common divisor of n and 1339.
103
Let l(j) = j**2 + 9*j + 7. Let v be l(-9). Let w(c) = 0*c + 0*c + 2*c**2 - v*c - 4. Let h be w(8). Calculate the highest common factor of 17 and h.
17
Let a be (9 + -5)*1/(-4)*-39. Calculate the highest common factor of a and 39.
39
Let x be 119 + -2*2/(-4). Let m(j) = j**2 + 18*j + 15. Let r be m(-18). Calculate the greatest common divisor of x and r.
15
Let q(z) = -87*z - 108. Let n be q(-3). Calculate the highest common factor of 36 and n.
9
Suppose 0 = -52*a + 9906 + 11726. What is the greatest common divisor of 8 and a?
8
Let r = 817 + -747. What is the greatest common divisor of 90 and r?
10
Let v be (-2)/(1/((-4)/2)). Suppose -3*d + 2*w = -4*d + 152, -v*d + 673 = -5*w. Suppose d = 5*z - 188. What is the highest common divisor of 28 and z?
14
Let q = 161 - 148. What is the highest common factor of 13 and q?
13
Let h be (8 + 1)*12/36. Let k be (3/(-6))/((-1)/2). Suppose -t + o + 4 = 0, -5*t + 20 = -4*o + k. Calculate the greatest common divisor of h and t.
3
Suppose 0 = -161*f + 150*f + 154. Suppose -3*c - 2*w + 116 = 0, 4*c + w - 2*w - 173 = 0. Calculate the highest common factor of f and c.
14
Let z = 26 - 19. Let t = -4 + z. Let a(q) = q - 3. Let b be a(5). What is the greatest common factor of t and b?
1
Suppose 3*b = -2*u + 97, -59 = -4*b - 3*u + 69. Calculate the highest common factor of b and 7.
7
Let q(t) = t + 1. Let j be q(-2). Let p be 22/2 + j/(-1). Let h be ((-12)/16)/(9/(-24)). What is the greatest common divisor of p and h?
2
Let w(c) = -5*c - 29. Let x be w(-13). Calculate the highest common divisor of 144 and x.
36
Suppose 47*p + 66 = 48*p. Suppose 4*q = 7*q - p. What is the highest common factor of 242 and q?
22
Let u be (28/(-8))/((-1)/2). Let s be (-4)/(-2 + 13/u). Let z = -3564 + 3578. What is the highest common factor of s and z?
14
Suppose -35*l - 25*l = -18*l - 168. Suppose 0 = -3*i + 3*c + 30, -4*c + 20 = 2*i - 3*c. What is the greatest common factor of l and i?
2
Let t = -16 - -19. Suppose -3 = -t*m - 6. Let l be 3*m/(3/(-286)). What is the greatest common divisor of 26 and l?
26
Let h(a) = a**3 - 7*a**2 + 9*a + 13. Let d be h(6). Let c = d - 25. Calculate the greatest common divisor of c and 6.
6
Let g be 5160/86*2/2. Let r = -35 - -59. Calculate the highest common divisor of r and g.
12
Suppose -4*u = 2*g - 54, -2*u = -3*u - 1. Let b be ((-116)/(-6))/((-4)/(-54)). What is the highest common divisor of g and b?
29
Let v = 53 + -42. Let c = -134 + 189. What is the highest common factor of c and v?
11
Let v be (-507)/(-12) - 4/16. Let o be (1 - 0)/((-10)/(-1240)). Let k = o + -19. What is the greatest common divisor of k and v?
21
Let j(t) = -t**2 + 17*t - 14. Let u be j(16). Suppose 0 = 3*f + 3*a - 60, f + 2*a = -u*a + 20. Calculate the highest common divisor of f and 8.
4
Let q(g) = -45*g + 191. Let o be q(4). What is the highest common divisor of o and 2255?
11
Let t = -1196 + 1200. Let r(s) = -2*s**2 + 2*s**2 - 1 + 2*s**2 - s. Let b be r(t). Calculate the highest common divisor of 243 and b.
27
Suppose 0 = 7*q - 9*q - 4*c + 56, -3*q = -5*c - 29. What is the highest common divisor of 144 and q?
18
Suppose 33*w - 26457 = -6987. What is the highest common divisor of w and 10?
10
Let z = -884 + 1096. What is the highest common factor of 4 and z?
4
Let h be 3*(3 + (-10)/(-6)). Let c be -3 + (1 - -10) - -2. Let q = c + h. Calculate the highest common divisor of q and 24.
24
Let q be 6431/218 + (-1)/(-2). Suppose -2*a + 93 = -f, 3*a + 6*f - f = 120. What is the greatest common factor of a and q?
15
Suppose 5*t - 25 = 0, 4*n - 3157 = 4*t - 9*t. Calculate the highest common divisor of 174 and n.
87
Let c be 15/3*(-2 - -9). Let m = 73 - c. Suppose -171 = 2*y - 5*y. Calculate the greatest common factor of m and y.
19
Suppose -60*h + 67*h = 364. What is the greatest common divisor of 221 and h?
13
Let u = -217 - -239. Calculate the highest common divisor of u and 66.
22
Suppose -4*j = 20, -3*j = -3*p - 1 + 19. Suppose 0 = o - p - 17. What is the highest common divisor of 45 and o?
9
Let u(r) = -r**3 + r**2 + 40. Let b be u(0). Let p = -36 + b